 - (-2)/(-2). What are the prime factors of 10*(-3)/v*4?
5
Suppose 854 = 3*n - 2*b - 79, 4*n - 4*b - 1244 = 0. List the prime factors of n.
311
Suppose 2*u + 0*o + 8 = 3*o, 5*u + 5*o - 30 = 0. Suppose 0 = w + u*w + 30. Let d = 15 + w. List the prime factors of d.
5
Let z = -1410 + 2480. What are the prime factors of z?
2, 5, 107
Let h(c) = 11*c**2 + 2*c - 1. Let n be h(1). Let s(a) = a - 18. Let j(w) = 3*w - 35. Let z(d) = 3*j(d) - 5*s(d). List the prime factors of z(n).
3, 11
Suppose -t - d - d = -66, -4*t = d - 271. Suppose -t = -2*m - p, -4*m - p = -10 - 128. List the prime factors of (-10)/m - 51/(-7).
7
Suppose 698 = 3*q + 5. List the prime factors of q.
3, 7, 11
Let l(h) = -h**3 - 12*h**2 + 13*h + 3. Let p(z) = -z**2 - 7*z - 5. Let w be p(-8). Let o be l(w). Suppose 41 = o*j - 34. List the prime factors of j.
5
What are the prime factors of 4*1160/32*22/5?
2, 11, 29
Suppose -6 = -2*q + 14. Let d = -7 + q. List the prime factors of (d - 23)*4/(-4).
2, 5
Let f = -40 + 40. Suppose -9*j + 1232 - 404 = f. List the prime factors of j.
2, 23
Suppose 2*m - 79 + 27 = 0. Let g = -9 - -5. List the prime factors of 3/2 - m/g.
2
Suppose 1 - 3 = -u. Let i(r) = 2*r + 6*r + 61*r**u + 4 - 54*r**2 - 3*r. What are the prime factors of i(-3)?
2, 13
Let n = -692 - -1096. List the prime factors of n.
2, 101
Let q(h) = -3*h - 18. Suppose -4*g + 141 + 27 = 0. Let z = 29 - g. What are the prime factors of q(z)?
3, 7
Suppose -2*v + j = 36, -3*v - 4*j - 90 = 2*v. Let h(t) = t**3 + 19*t**2 + 17*t + 3. What are the prime factors of h(v)?
3, 7
Let m be (-2)/(32/(-12) - -2). Suppose -2*o + 8 = 0, 2*a + m*o - 4 - 52 = 0. What are the prime factors of a?
2, 11
Let r(q) = 22*q - 4. Suppose 4*h + 10 = 2*y, y - 5*h + 0 - 8 = 0. What are the prime factors of r(y)?
2, 31
Let k be (-176)/24*(-3)/2. Let v(z) = -z + 25. List the prime factors of v(k).
2, 7
Let r(m) = m**3 + 5*m**2 + 6*m + 4. Let c be r(-4). Let z be c/(-6)*(12 - -6). Let h = z - -25. List the prime factors of h.
37
Let x(g) = 1119*g**3 + 2*g**2 - 8*g + 6. What are the prime factors of x(1)?
3, 373
Let b(a) = -a + 38. Let n = 18 + -18. What are the prime factors of b(n)?
2, 19
Let y be -8 + 1 + 2 + 10. Suppose 2*c - y*w = 399, -2*w + 3*w = 4*c - 789. What are the prime factors of c?
197
Let d(y) be the first derivative of y**2 + 8*y + 18. What are the prime factors of d(21)?
2, 5
Suppose 109937 + 102997 = 69*a. List the prime factors of a.
2, 1543
Let p = -17 + 33. Suppose 3*n + n = p. Let m = n + 9. What are the prime factors of m?
13
Let b(y) = -y**2 + 2*y - 18. Let h be b(-14). Let k = h + 367. What are the prime factors of k?
5
Suppose -5*n - 79 + 309 = 0. What are the prime factors of n?
2, 23
Suppose -5*j - 52 - 213 = 5*t, 3*j - 4*t = -194. Let c = j + 60. What are the prime factors of c?
2
Let o = 1890 + -1225. Suppose -7*g + 14*g = o. List the prime factors of g.
5, 19
What are the prime factors of 3787/5 + (-96)/240?
757
Let l = 5 - 0. Suppose -w - 3 = l. Let j = w + 26. What are the prime factors of j?
2, 3
Suppose 142 = 2*u - 5*a, 5*u - 4*a - 293 = -7*a. Let d = u - -36. List the prime factors of d.
97
What are the prime factors of 13/(858/12) + 10094/22?
3, 17
What are the prime factors of 152/114*9*(0 + 238)?
2, 3, 7, 17
Let q = -12 + 59. Let d = -26 + q. List the prime factors of d.
3, 7
Suppose 0 = 30*j - 52101 + 5121. List the prime factors of j.
2, 3, 29
Let r = -19 - -22. List the prime factors of (-14)/(429/(-141) + r).
7, 47
Let m(q) = 15*q + 4. Let l(h) = -15*h - 4. Let u(n) = 5*l(n) + 6*m(n). Let z be u(4). Suppose 4*b - 316 + z = 0. List the prime factors of b.
3, 7
List the prime factors of -50*(6/(-9) - (-1)/(-3)).
2, 5
Let m be (1 - -1) + 0 + (-9359)/(-49). Let v = 431 - m. What are the prime factors of v?
2, 7, 17
What are the prime factors of (258/(-15))/((-1)/25)?
2, 5, 43
Suppose 0*a + a - 4*y - 109 = 0, -4*a + 456 = 4*y. List the prime factors of a.
113
Let f(t) = t**3 + 10*t**2 + 8*t - 3. Let c be f(-9). List the prime factors of (-73)/(-3)*2/(c/9).
73
Suppose 403 = 3*p - 2*m, -2*m - 77 - 56 = -p. List the prime factors of p.
3, 5
Let t be 35/(-14)*(-12)/10. Let u = 96 - 36. Suppose 2*s = -5*a + 16, 2*s + 2*s + t*a = u. List the prime factors of s.
2, 3
Suppose 2*w - 56 = 2*u + 2*u, -3*u + 3 = 0. Suppose -2*d - w = -4*d. List the prime factors of d.
3, 5
Suppose 4*h - 24 + 32 = 0. What are the prime factors of ((-3)/h)/(-2 - 1820/(-904))?
113
Suppose -j - p + 421 = -772, -5*p = -5*j + 5925. What are the prime factors of j?
29, 41
Suppose -3*m + 2*c + 3074 = 594, -5*m + 4126 = 4*c. What are the prime factors of m?
2, 7, 59
Let t be (150/(-105))/((-2)/14). Let o(m) = 3*m**2 - 25*m + 15. List the prime factors of o(t).
5, 13
Let n = 2969 + -1658. Suppose -n = -9*h - 123. List the prime factors of h.
2, 3, 11
Let o = 20 - -663. List the prime factors of o.
683
Let l(r) = 2*r**2 + 7*r. Let b be l(-4). Suppose -a - 399 = -b*a. List the prime factors of a.
7, 19
Suppose 252*l + 1082 = 253*l. List the prime factors of l.
2, 541
Suppose 2*b = v + 7*b + 6, 4*b = -12. Suppose -2*x - 3*x = 2*d + 30, -22 = 3*x + 2*d. Let s = v + x. What are the prime factors of s?
5
Let c = 9 - 3. Let b(i) = -i**2 - 5*i + 11. Let h(s) = 3*s**2 + 10*s - 22. Let t(k) = 5*b(k) + 2*h(k). List the prime factors of t(c).
17
Suppose -x - 3*x + 12 = 0. Suppose -2*r = -x*i, -3*r = i - 0*i - 11. Let v(t) = 15*t + 2. List the prime factors of v(i).
2
Suppose -24*a + 22440 = -9*a. What are the prime factors of a?
2, 11, 17
Let o(j) be the second derivative of j**4/12 - j**3/3 + 9*j**2/2 + 2*j. What are the prime factors of o(-6)?
3, 19
Let p = 3951 - 2338. What are the prime factors of p?
1613
Let y(i) = -8 - 16 - 2*i + 21*i + 1. What are the prime factors of y(6)?
7, 13
Let w(c) = 2 - 9*c + c**2 + 2*c**2 - 2 - 8. Let d(k) = -7*k**2 + 18*k + 15. Let v(t) = -4*d(t) - 9*w(t). List the prime factors of v(-11).
2, 17
Suppose 0 = -43*g + 2061 + 17203. List the prime factors of g.
2, 7
Suppose 0 = -0*u - 2*u + 40. Let t = u + -17. Suppose 4 = -t*q + 4*q. List the prime factors of q.
2
Suppose 62247 = 14*b - 19863. What are the prime factors of b?
3, 5, 17, 23
Let n be 20/30 + 74/6. Let s = n - 11. Suppose s*r = r + 6. List the prime factors of r.
2, 3
Let w = 331 + -267. List the prime factors of w.
2
Suppose 5*k - 57 = -3*x, 14 = -2*x + 5*k + 77. Let q be (x/14)/((-8)/(-140)). Let a = -10 + q. What are the prime factors of a?
2, 5
Suppose 0*s = 4*s + 16. Let x(j) = -j**2 - 5*j. Let l be x(s). Suppose -3*c + 3*g = -174, -l*g + 18 = -2*c + 136. What are the prime factors of c?
3, 19
Let t(k) = 31*k + 33. Let l be t(8). Let o = l + -95. What are the prime factors of o?
2, 3, 31
Suppose -6*p + 30 = -3*c - 3*p, -5*p + 41 = -4*c. Let g = -41 - c. List the prime factors of (g/24)/(1/(-18)).
2, 3
Let v be (4 + -2)/((-1)/(-4)). Let b be 4 - (v/(-4) - -4). Suppose -52 = -2*y + r, -104 = -4*y + r + b*r. What are the prime factors of y?
2, 13
What are the prime factors of 6*(-4430)/(-240) + (-10)/(-8)?
2, 7
Let z = -1293 - -672. What are the prime factors of (-16)/20*(1 + z/6)?
2, 41
Let w(p) be the second derivative of -p**5/20 + 2*p**4/3 + p**3/2 + 200*p. Suppose -5*o - 25 = 0, 0*o + 36 = 2*q - 4*o. What are the prime factors of w(q)?
2, 3
Let c(x) = 2*x**3 - 9*x**2 + 2*x + 22. What are the prime factors of c(6)?
2, 71
Suppose -4*l = 8*l + 48. List the prime factors of ((-12)/90*6)/(l/130).
2, 13
Suppose f - 2*z + 0*z - 31 = 0, 4*f - 3*z = 134. Let n = 31 + f. What are the prime factors of n?
2, 3, 11
Suppose -2*l - 2*j + 4826 = 0, 3*l - 34*j - 7214 = -32*j. What are the prime factors of l?
2, 7, 43
Let q = 1383 + -399. List the prime factors of q.
2, 3, 41
Let y(n) = -n**3 + 18*n**2 + 41*n + 19. What are the prime factors of y(20)?
3, 13
Let d(v) = 14*v - 8. Let w(q) = -q. Let f(y) = d(y) - 5*w(y). What are the prime factors of f(4)?
2, 17
Suppose 457 = -15*m - 218. List the prime factors of (-5643)/m + 2/(-5).
5
Suppose -28*p = 9673 - 31373. What are the prime factors of p?
5, 31
Suppose 60 = 7*o - 2*o. Suppose -22 - 2 = -3*l. Let v = o - l. What are the prime factors of v?
2
Let x = 11 - 6. Suppose x*d = 2*d - 18. List the prime factors of (26/(-3))/(d/9).
13
Suppose 5*i - b + 4*b - 72 = 0, 0 = b - 4. Suppose -4*w = -i, 5*l - 11